450
-330260 (base 7) to base 10
-57764
What is -28274 (base 12) in base 13?
-1c456
Convert -2a6a4a (base 13) to base 12.
-4237b6
Convert -1646244 (base 7) to base 5.
-24332113
11110010111111 (base 3) to base 8
11012137
Convert -23936aa (base 11) to base 16.
-3f8543
What is 1a4634 (base 13) in base 4?
2202301330
Convert -13113112 (base 4) to base 14.
-adca
3b7d3 (base 14) to base 4
203320231
Convert 1000100011110000100 (base 2) to base 11.
181787
Convert -121002110022 (base 3) to base 15.
-63c98
Convert -3273054 (base 8) to base 5.
-211212340
Convert 39c355 (base 16) to base 5.
1432114212
Convert 2021103021 (base 4) to base 2.
10001001010011001001
-3002755 (base 8) to base 3
-1111000212022
What is -1052a4 (base 14) in base 5?
-120131310
-409dd6 (base 14) to base 6
-114410412
-b3178 (base 15) to base 10
-567338
What is 681c2 (base 13) in base 10?
189269
Convert -2665140 (base 7) to base 13.
-c44ac
What is -1d66c0 (base 16) in base 5?
-443124343
What is -10001010111111000101011 (base 2) in base 5?
-2131214113
1264305 (base 7) to base 8
506431
Convert -1042062 (base 8) to base 12.
-115982
-11202130 (base 4) to base 12
-11164
What is 295380 (base 10) in base 15?
5c7c0
Convert -37a094 (base 13) to base 5.
-320222042
Convert -5a698 (base 15) to base 8.
-1063160
What is 230db (base 16) in base 14?
3a479
What is 6dccc (base 14) in base 7?
2166245
-101001111110110010 (base 2) to base 5
-21000304
Convert 121a9a (base 13) to base 3.
210222011220
What is 305522650 (base 7) in base 13?
3953620
What is -24754 (base 12) in base 3?
-2111211201
What is -10524227 (base 8) in base 5?
-1040141013
What is -30102453 (base 6) in base 9?
-1532446
What is -10010111001001010 (base 2) in base 15?
-17de1
5242100 (base 6) to base 5
31120414
Convert -1553170 (base 8) to base 11.
-286752
-b4405 (base 12) to base 10
-235589
4043343 (base 5) to base 6
1223041
Convert -12102213211 (base 4) to base 14.
-30cdc9
What is -255023 (base 6) in base 12?
-11473
Convert -1222321333 (base 4) to base 8.
-1527177
Convert -223002103321 (base 4) to base 16.
-ac24f9
311055111 (base 6) to base 9
11088377
Convert -4662a (base 11) to base 14.
-1a75a
What is -2c3cd (base 14) in base 7?
-640146
What is -a9038 (base 13) in base 16?
-4a916
What is -4645356 (base 10) in base 9?
-8660206
Convert 141033 (base 7) to base 15.
7e03
What is 10112020 (base 4) in base 16?
4588
What is -318749 (base 14) in base 15?
-2315a2
-751026 (base 10) to base 13
-203ac3
Convert 703e5 (base 15) to base 14.
93681
6a80c8 (base 14) to base 10
3633232
What is -88979d (base 16) in base 8?
-42113635
Convert -477566 (base 12) to base 5.
-243401444
-255a (base 12) to base 14
-1794
Convert 656414 (base 7) to base 4.
130012220
What is -23212213021 (base 4) in base 2?
-1011100110100111001001
-1845648 (base 10) to base 6
-103320400
Convert -110101001001000101 (base 2) to base 12.
-a5b71
21011210211 (base 3) to base 12
6991a
-65252 (base 12) to base 3
-20202222222
Convert -5253051 (base 6) to base 13.
-8c698
What is -c99c96 (base 14) in base 11?
-39430a3
Convert -630302 (base 8) to base 11.
-133102
Convert 825c3 (base 16) to base 5.
114041310
Convert -5350444 (base 6) to base 10.
-263260
What is -98436 (base 14) in base 4?
-1121332100
Convert -2311312 (base 5) to base 3.
-2002212110
-21124435 (base 6) to base 11
-392292
6072740 (base 8) to base 15
219e95
Convert -8572a (base 14) to base 3.
-121101022220
Convert -d6760 (base 15) to base 4.
-2212001220
5dabb2 (base 14) to base 13
888b10
Convert -42506346 (base 7) to base 6.
-205255320
Convert -312313303 (base 4) to base 11.
-143953
Convert 15515305 (base 6) to base 9.
1034665
Convert -10013033000 (base 4) to base 11.
-67708a
-46825 (base 13) to base 14
-34d29
Convert -1000111000111010101 (base 2) to base 4.
-1013013111
-2030242121 (base 5) to base 15
-56e7e1
Convert f24 (base 16) to base 10.
3876
Convert 111101101010001111 (base 2) to base 6.
5225131
Convert 3e59d (base 16) to base 6.
5250205
Convert 6406154 (base 9) to base 12.
11946aa
144572 (base 14) to base 9
1282065
-1273207 (base 10) to base 7
-13551655
13030311112 (base 4) to base 10
1887574
Convert -1340040 (base 6) to base 5.
-4401232
What is 3b408 (base 12) in base 11?
56504
Convert -185528 (base 13) to base 14.
-11cc8d
-244301130 (base 5) to base 4
-10130213132
What is -2023020 (base 5) in base 14?
-bdad
40671 (base 12) to base 9
137064
What is a6b3b (base 12) in base 14?
59d27
What is 27554b (base 14) in base 4?
11023313133
What is 16c97b (base 13) in base 5?
121230041
Convert -467b7b (base 12) to base 8.
-4245717
Convert -36c1b (base 13) to base 7.
-600135
Convert 15544514 (base 6) to base 13.
16719a
103403223 (base 5) to base 12
198806
Convert -112646 (base 11) to base 2.
-101011101110111010
What is 425da0 (base 14) in base 16?
223fb8
Convert -12b336 (base 15) to base 14.
-19560c
64335162 (base 7) to base 5
2400040121
Convert -325451 (base 9) to base 4.
-233123230
What is 215115112 (base 6) in base 10?
3882644
What is -2211003 (base 7) in base 4?
-1002110223
291e24 (base 16) to base 4
22101320210
-d2bac0 (base 14) to base 8
-33054670
Convert -3012005 (base 6) to base 16.
-22985
Convert -1332340142 (base 5) to base 14.
-647dd1
Convert 104884 (base 10) to base 4.
121212310
Convert -558656 (base 10) to base 2.
-10001000011001000000
-4a94190 (base 12) to base 7
-235214346
What is 1d9cdc (base 15) in base 11?
900aa3
Convert 105610 (base 8) to base 6.
433212
What is -120020000121001 (base 3) in base 14?
-1108438
-11011011011011001000101 (base 2) to base 6
-414035233
-14082 (base 10) to base 16
-3702
What is -11000010100000000 (base 2) in base 8?
-302400
What is -22650c (base 16) in base 9?
-4215026
Convert 220113232 (base 4) to base 7.
1256044
-1000001000011000101110 (base 2) to base 13
-598259
Convert 43d6 (base 15) to base 6.
150320
-211a675 (base 12) to base 3
-102210000210022
8b639 (base 13) to base 2
111101111100010101
40215704 (base 8) to base 5
4131230002
What is 31420223 (base 5) in base 2?
1000000011010000101
What is -144040 (base 10) in base 15?
-2ca2a
What is 4551445 (base 6) in base 7?
1655321
-5582592 (base 11) to base 4
-211110210010
d0192 (base 15) to base 2
10100000110000110111
What is 25766471 (base 8) in base 12?
1b1a849
Convert 130b (base 13) to base 12.
16a3
What is -2321126 (base 7) in base 13?
-a2566
What is -52cb1 (base 15) in base 5?
-31401431
What is -485a978 (base 12) in base 10?
-14056940
Convert -426150 (base 8) to base 5.
-14024230
What is 20918 (base 11) in base 4?
13122312
Convert 12432330 (base 5) to base 9.
208187
What is 101012122222 (base 3) in base 5?
22412320
Convert 742629 (base 10) to base 2.
10110101010011100101
Convert 19ab29 (base 12) to base 3.
212002020220
What is 110101010011010111 (base 2) in base 15?
44a52
e5b40 (base 15) to base 13
1c6584
-10110011010001101001001 (base 2) to base 13
-12a8b50
Convert 1221021332 (base 4) to base 2.
1101001001001111110
Convert 11010101011111101010 (base 2) to base 10.
874474
-24d80 (base 14) to base 12
-44430
What is -15412250 (base 6) in base 2?
-10000101010101100110
What is -1222977 (base 11) in base 2?
-1000000111001110111100
What is 36021303 (base 8) in base 12?
2778317
What is 20536502 (base 7) in base 12?
6bb385
What is 1925908 (base 10) in base 12?
78a644
What is 1010011101111100100111 (base 2) in base 7?
32216205
What is 10212100000 (base 3) in base 7?
434514
What is -2a059a (base 12) in base 16?
-ac546
What is -1254404 (base 7) in base 3?
-22101010012
What is 404124 (base 6) in base 8?
76424
8983 (base 16) to base 8
104603
1667260 (base 9) to base 14
1a3108
What is 1132130210 (base 4) in base 16?
5e724
Convert 130218a (base 13) to base 7.
101351266
-1614047 (base 10) to base 11
-a02726
What is -104101322 (base 5) in base 12?
-1a01a6
Convert 5b7b7 (base 14) to base 2.
110110101000110101
-6b142 (base 15) to base 4
-1103102222
What is -a27c (base 16) in base 10?
-41596
What is 3bf313 (base 16) in base 14?
743b23
2100213114 (base 5) to base 8
20326437
Convert 516200 (base 10) to base 15.
a2e35
Convert 20002220012 (base 3) to base 13.
4293b
-1909049 (base 10) to base 7
-22140512
What is 12120122212212 (base 3) in base 8?
13237757
Convert 36843255 (base 9) to base 8.
104637474
What is -1202212010210 (base 3) in base 13?
-26c9a3
Convert 78494a 